
-91b5 (base 12) to base 16
-3dd9
Convert 4273 (base 9) to base 3.
11022110
Convert 1423101 (base 5) to base 9.
44754
What is 939 (base 12) in base 13?
7c2
What is -2e8 (base 15) in base 12?
-478
What is -3520 (base 6) in base 15?
-3b0
Convert -40553 (base 7) to base 8.
-23237
c (base 15) to base 10
12
What is 33624 (base 7) in base 5?
233134
What is -101001100001000 (base 2) in base 7?
-115654
What is 791 (base 11) in base 4?
32303
Convert -b1a (base 16) to base 13.
-13a8
-7513 (base 11) to base 6
-114000
7023 (base 8) to base 14
1455
Convert -11110 (base 5) to base 14.
-3da
Convert 10101010100 (base 2) to base 10.
1364
Convert 24081 (base 9) to base 14.
5c2b
-4244 (base 5) to base 11
-482
What is 11001000000 (base 2) in base 6?
11224
10000111 (base 2) to base 5
1020
Convert -6157 (base 8) to base 14.
-1235
What is -1044 (base 6) in base 11?
-202
What is 1010000000001011 (base 2) in base 8?
120013
11101101010 (base 2) to base 15
868
-5054 (base 7) to base 10
-1754
What is 16446 (base 8) in base 2?
1110100100110
-1242421 (base 5) to base 15
-74e1
3112 (base 5) to base 8
627
4bc (base 14) to base 6
4222
What is 33a (base 13) in base 8?
1054
Convert 14371 (base 8) to base 5.
201033
-5600 (base 12) to base 13
-4431
Convert 11100011101011 (base 2) to base 12.
8523
What is 221123 (base 5) in base 8?
16757
-11111120 (base 3) to base 10
-3282
What is -46 (base 16) in base 4?
-1012
What is 500 (base 10) in base 14?
27a
-20102000 (base 3) to base 8
-11077
What is 160 (base 16) in base 4?
11200
What is 1227 (base 9) in base 7?
2446
Convert 1181d (base 14) to base 11.
2a139
a33 (base 11) to base 14
650
What is -229 (base 11) in base 14?
-157
Convert 7b2 (base 12) to base 16.
476
What is -76204 (base 9) in base 13?
-19c81
-8228 (base 13) to base 8
-43034
-1a4a4 (base 12) to base 13
-14812
-11302331 (base 4) to base 11
-16923
Convert 9a32 (base 16) to base 9.
60130
What is 1010210022 (base 3) in base 12?
10ba5
Convert -434113 (base 7) to base 2.
-10010100001010110
-1583 (base 15) to base 9
-6306
3687 (base 13) to base 2
1111000100100
What is -12530 (base 6) in base 15?
-886
-104335 (base 6) to base 5
-240041
Convert -153 (base 8) to base 11.
-98
Convert -10111010100100 (base 2) to base 5.
-340230
Convert -2123303 (base 4) to base 6.
-114055
Convert 110111 (base 3) to base 7.
661
What is -103301 (base 4) in base 9?
-1655
-4572 (base 11) to base 3
-22020112
What is -1bb7 (base 13) in base 6?
-31250
Convert 1a48 (base 11) to base 13.
1246
Convert 735 (base 11) to base 12.
619
Convert 996e (base 15) to base 16.
7ef8
Convert 73371 (base 10) to base 7.
423624
133 (base 9) to base 12
93
Convert -537 (base 14) to base 5.
-13104
What is 12102 (base 4) in base 15?
1bc
Convert 3002 (base 7) to base 13.
614
What is 127500 (base 8) in base 2?
1010111101000000
263 (base 8) to base 14
cb
What is 592 (base 11) in base 7?
2026
Convert -335 (base 9) to base 10.
-275
Convert 2a3 (base 13) to base 3.
122110
14160 (base 9) to base 11
7249
Convert 63715 (base 9) to base 14.
114d8
Convert 110414 (base 5) to base 6.
25511
1431 (base 6) to base 7
1051
What is 13033 (base 5) in base 6?
4414
Convert 618c (base 14) to base 11.
11679
-f9 (base 16) to base 3
-100020
12321 (base 4) to base 11
371
What is -325 (base 16) in base 9?
-1084
What is -1211012 (base 3) in base 11?
-aa8
Convert 8395 (base 12) to base 14.
5345
Convert 141 (base 8) to base 5.
342
-1c1 (base 13) to base 6
-1302
What is 12260 (base 7) in base 4?
302123
What is -20221012 (base 3) in base 15?
-176e
What is -2413 (base 8) in base 4?
-110023
Convert 1e93 (base 16) to base 15.
24bc
What is -2021020 (base 3) in base 12?
-b59
Convert 119b (base 15) to base 14.
1518
-30130 (base 4) to base 14
-40c
What is 10112132 (base 4) in base 14?
66d0
What is -6031 (base 14) in base 11?
-11447
Convert 22545 (base 6) to base 10.
3233
11111101101111 (base 2) to base 8
37557
Convert -10101000110110 (base 2) to base 10.
-10806
Convert -406 (base 8) to base 16.
-106
Convert -5814 (base 13) to base 14.
-4706
What is 246a9 (base 12) in base 13?
19623
Convert 1303 (base 6) to base 14.
195
Convert -24140 (base 7) to base 15.
-1cbb
Convert -c4 (base 14) to base 12.
-124
3041 (base 5) to base 12
290
Convert 710 (base 9) to base 8.
1100
Convert 572 (base 12) to base 9.
1085
What is 102 (base 14) in base 2?
11000110
What is -5352 (base 6) in base 16?
-4c4
-4413 (base 5) to base 3
-211112
10100010101 (base 2) to base 13
791
104a (base 11) to base 14
70d
What is -10020102021 (base 3) in base 9?
-106367
What is -1102 (base 5) in base 13?
-b9
10143 (base 5) to base 4
22201
144111 (base 5) to base 4
1200030
-1203 (base 5) to base 9
-217
What is -10122 (base 4) in base 13?
-189
What is 163016 (base 8) in base 16?
e60e
Convert 2722 (base 10) to base 5.
41342
601 (base 8) to base 4
12001
Convert -34130 (base 5) to base 14.
-c47
2928 (base 11) to base 4
323011
-8ad (base 14) to base 7
-5006
-1731 (base 9) to base 7
-3601
-3101322 (base 4) to base 14
-4c78
64c6 (base 15) to base 7
116130
-2886 (base 13) to base 10
-5856
2213032 (base 4) to base 12
623a
24015 (base 6) to base 7
13052
What is 101102111 (base 3) in base 15?
23ba
What is 10a0 (base 11) in base 5?
21231
What is 4523 (base 14) in base 10?
11987
Convert 261 (base 13) to base 9.
513
What is -210 (base 9) in base 4?
-2223
Convert -1356 (base 7) to base 2.
-1000010011
Convert -4351 (base 9) to base 6.
-22501
Convert -23ce (base 15) to base 14.
-2ac3
14121 (base 7) to base 6
25433
What is -3231 (base 4) in base 6?
-1033
What is -9516 (base 16) in base 6?
-452410
Convert 10243 (base 5) to base 14.
37c
Convert 37a0 (base 14) to base 13.
4587
Convert 742 (base 10) to base 2.
1011100110
2cb (base 14) to base 13
34c
26aa (base 12) to base 2
1000101100010
-22433 (base 5) to base 4
-121102
Convert -1440 (base 10) to base 3.
-1222100
2102121212 (base 3) to base 9
72555
323003 (base 4) to base 7
14006
-2231 (base 6) to base 10
-523
What is 451 (base 11) in base 12?
390
-11404 (base 9) to base 2
-1110111000010
13700 (base 9) to base 16
2463
Convert 201003 (base 5) to base 12.
3836
What is 2215 (base 6) in base 16?
203
What is 2d8 (base 14) in base 8?
1106
What is 279 (base 10) in base 14?
15d
What is -591 (base 11) in base 16?
-2c1
-61200 (base 9) to base 11
-28278
16236 (base 7) to base 9
6253
2745 (base 11) to base 6
24250
Convert -2145 (base 14) to base 3.
-21212210
What is -1313112 (base 4) in base 6?
-55210
What is 1010101000101100 (base 2) in base 9?
65674
Convert 2500 (base 11) to base 9.
4430
-2001002101 (base 3) to base 14
-108c7
1683 (base 9) to base 15
5b0
What is 2184 (base 9) in base 3?
2012211
-64be (base 15) to base 8
-51521
What is -3484 (base 14) in base 10?
-9132
2201022111 (base 3) to base 14
15698
What is -100000 (base 2) in base 4?
-200
Convert -821 (base 12) to base 14.
-601
Convert -110111110 (base 2) to base 10.
-446
Convert -3925 (base 12) to base 13.
-2c69
What is -12614 (base 9) in base 12?
-4b1a
Convert 186 (base 14) to base 5.
2224
What is -111121 (base 4) in base 3?
-1212201
-52c7 (base 14) to base 11
-a809
What is -526 (base 10) in base 12?
-37a
880 (base 15) to base 7
5412
Convert -23301 (base 4) to base 14.
-3bb
-23001 (base 4) to base 5
-10310
What is -121011 (base 5) in base 2?
-1000110011010
Convert -1011010111101 (base 2) to base 9.
-7877
What is -340314 (base 5) in base 4?
-2322313
Convert -10001011000101 (base 2) to base 9.
-13180
Convert -1112210 (base 3) to base 14.
-5a8
Convert -17529 (base 12) to base 9.
-51056
What is -1a19 (base 14) in base 13?
-21c8
-10002010 (base 3) to base 10
-2244
584 (base 11) to base 2
1010111001
What is 12012 (base 8) in base 16?
140a
Convert -110101011000 (base 2) to base 13.
-172a
What is -33312 (base 5) in base 15?
-a57
What is 53717 (base 8) in base 5?
1204404
What is -fdc (base 16) in base 15?
-130a
-4712 (base 10) to base 7
-16511
What is 444d (base 14) in base 7?
46326
What is -a0bb (base 15) in base 13?
-12599
What is 7235 (base 11) in base 14?
36d7
-58c (base 14) to base 11
-914
What is -acc7 (base 13) in base 15?
-725b
What is 10010010111111 (base 2) in base 14?
35dd
Convert -461 (base 9) to base 8.
-573
c9ae (base 16) to base 7
303345
Convert 2314 (base 5) to base 2.
101001110
What is -6986 (base 11) in base 9?
-13517
Convert f